ltiple of 35?
False
Is 166798 a multiple of 126?
False
Is 117 a factor of 2074527?
True
Is 3373802 a multiple of 78?
False
Is 11 a factor of 21950443?
False
Is 42 a factor of 88998?
True
Does 5 divide 18575?
True
Is 11501284 a multiple of 545?
False
Does 103 divide 32508?
False
Is 3 a factor of 97673?
False
Is 8074220 a multiple of 749?
True
Does 9 divide 1027179?
True
Does 12 divide 13104?
True
Is 5 a factor of 152100?
True
Is 131 a factor of 3253404?
False
Is 108594 a multiple of 31?
False
Is 2229868 a multiple of 94?
True
Does 124 divide 56578?
False
Is 1074733 a multiple of 41?
True
Does 137 divide 23427?
True
Is 26 a factor of 1348958?
True
Is 589424 a multiple of 34?
True
Does 9 divide 8308287?
True
Is 129876 a multiple of 158?
True
Does 8 divide 2154608?
True
Is 3504978 a multiple of 14?
False
Does 9 divide 834268?
False
Is 397179 a multiple of 3?
True
Is 101150 a multiple of 170?
True
Does 6 divide 307?
False
Is 300 a factor of 1935000?
True
Is 17 a factor of 1024779?
False
Is 7632 a multiple of 24?
True
Does 227 divide 15663?
True
Is 13751 a multiple of 7?
False
Is 24 a factor of 36480?
True
Is 33 a factor of 300272?
False
Is 3558467 a multiple of 11?
True
Is 243 a factor of 252234?
True
Does 8 divide 596703?
False
Is 5912318 a multiple of 1364?
False
Is 892 a factor of 4759712?
True
Does 75 divide 35780?
False
Is 83 a factor of 68309?
True
Is 14074137 a multiple of 21?
True
Is 64 a factor of 80828?
False
Does 55 divide 332212?
False
Is 9 a factor of 1007939?
False
Does 39 divide 44111?
False
Does 323 divide 193477?
True
Is 39 a factor of 68445?
True
Is 3888459 a multiple of 40?
False
Does 2 divide 16419?
False
Does 1390 divide 7673516?
False
Is 115245 a multiple of 6?
False
Does 40 divide 69646?
False
Is 4516344 a multiple of 54?
True
Is 264576 a multiple of 424?
True
Is 70 a factor of 1099000?
True
Is 534 a factor of 1461558?
True
Does 35 divide 647165?
False
Does 5 divide 182986?
False
Is 25438 a multiple of 7?
True
Does 114 divide 5569356?
True
Is 5347232 a multiple of 1381?
True
Is 32 a factor of 195968?
True
Does 75 divide 4462573?
False
Does 18 divide 8358858?
True
Does 139 divide 216733?
False
Is 112 a factor of 100128?
True
Is 123102 a multiple of 126?
True
Does 2 divide 27099?
False
Is 247 a factor of 145218?
False
Is 18 a factor of 53764?
False
Does 35 divide 6929930?
True
Is 1028548 a multiple of 59?
False
Is 87672 a multiple of 26?
True
Is 100 a factor of 144867?
False
Is 8883449 a multiple of 56?
False
Is 87 a factor of 67866?
False
Is 142 a factor of 152224?
True
Is 25308 a multiple of 48?
False
Is 2 a factor of 257934?
True
Does 7 divide 4216106?
False
Does 281 divide 293524?
False
Is 32 a factor of 2608736?
True
Is 5 a factor of 61615?
True
Is 40812 a multiple of 114?
True
Does 27 divide 128925?
True
Is 22753 a multiple of 132?
False
Does 1059 divide 9969426?
True
Is 4 a factor of 2674446?
False
Is 804920 a multiple of 5?
True
Is 61 a factor of 249907?
False
Is 39 a factor of 620139?
True
Is 10557762 a multiple of 81?
False
Does 42 divide 8470850?
False
Is 241731 a multiple of 189?
True
Is 3377403 a multiple of 201?
True
Does 4 divide 7489743?
False
Is 135 a factor of 1889190?
True
Is 234630 a multiple of 158?
True
Does 33 divide 1645413?
True
Is 21 a factor of 76307?
False
Does 17 divide 1269055?
False
Is 65907 a multiple of 3?
True
Is 373001 a multiple of 52?
False
Is 16 a factor of 60560?
True
Is 36513 a multiple of 52?
False
Is 1047 a factor of 6189864?
True
Is 191 a factor of 126442?
True
Does 9 divide 502041?
False
Does 13 divide 62270?
True
Is 423365 a multiple of 192?
False
Is 5 a factor of 845?
True
Does 28 divide 6579003?
False
Is 1265 a factor of 4459125?
True
Does 647 divide 2727299?
False
Is 1116 a factor of 778047?
False
Is 1398024 a multiple of 13?
False
Does 103 divide 313842?
False
Is 18 a factor of 998244?
True
Does 8 divide 8510178?
False
Is 18465 a multiple of 5?
True
Is 229403 a multiple of 27?
False
Is 228800 a multiple of 8?
True
Does 88 divide 208867?
False
Is 342372 a multiple of 33?
False
Is 75 a factor of 140311?
False
Does 236 divide 342436?
True
Is 644616 a multiple of 36?
True
Does 7 divide 110439?
True
Is 498 a factor of 138844?
False
Does 43 divide 1859847?
False
Does 35 divide 222495?
True
Does 11 divide 114753?
False
Is 99333 a multiple of 13?
True
Is 354352 a multiple of 8?
True
Is 510016 a multiple of 3?
False
Does 9 divide 560682?
True
Is 182 a factor of 585502?
False
Is 8928949 a multiple of 974?
False
Is 10 a factor of 14359?
False
Is 86716 a multiple of 75?
False
Does 7 divide 142333?
False
Does 11 divide 2637953?
False
Is 2119644 a multiple of 103?
False
Is 307813 a multiple of 45?
False
Is 97 a factor of 1098137?
True
Does 2 divide 20537?
False
Does 19 divide 38798?
True
Is 1204 a factor of 4057747?
False
Is 21 a factor of 885379?
False
Is 121 a factor of 1673669?
False
Does 191 divide 9998890?
False
Is 22 a factor of 424446?
True
Does 4 divide 4222919?
False
Is 2241249 a multiple of 249?
True
Does 220 divide 304166?
False
Does 18 divide 7328224?
False
Is 176435 a multiple of 497?
True
Is 802 a factor of 10866413?
False
Does 47 divide 7144330?
False
Does 51 divide 2648787?
True
Is 579420 a multiple of 145?
True
Is 20 a factor of 197080?
True
Does 131 divide 449513?
False
Is 1076901 a multiple of 57?
True
Does 565 divide 15986254?
False
Does 19 divide 23653480?
True
Is 6 a factor of 445332?
True
Is 9402544 a multiple of 10?
False
Does 7 divide 6716213?
True
Is 483725 a multiple of 275?
True
Is 10707755 a multiple of 25?
False
Is 95 a factor of 696980?
False
Is 824 a factor of 840480?
True
Is 1491046 a multiple of 20?
False
Is 82 a factor of 526686?
True
Does 333 divide 6445689?
False
Is 5 a factor of 203490?
True
Is 112903 a multiple of 17?
False
Does 146 divide 1527014?
True
Is 32 a factor of 13568?
True
Is 22 a factor of 227570?
False
Is 170 a factor of 3432470?
True
Is 176 a factor of 681648?
True
Is 62 a factor of 1782686?
True
Is 9 a factor of 129356?
False
Is 97 a factor of 913845?
False
Is 407 a factor of 369963?
True
Is 394185 a multiple of 15?
True
Is 130 a factor of 58890?
True
Does 5 divide 74307?
False
Does 7 divide 26123?
False
Is 8 a factor of 281440?
True
Is 9 a factor of 101232?
True
Does 356 divide 10732?
False
Does 89 divide 24465?
False
Is 8 a factor of 45072?
True
Does 3 divide 10197?
True
Does 88 divide 1385296?
True
Is 2486856 a multiple of 19?
False
Is 17 a factor of 8278031?
True
Does 54 divide 35154?
True
Is 68603 a multiple of 28?
False
Is 135568 a multiple of 20?
False
Does 98 divide 12892684?
True
Is 6509671 a multiple of 21?
False
Is 36 a factor of 133098?
False
Does 6 divide 5598330?
True
Does 12 divide 68856?
True
Does 475 divide 874601?
False
Is 2999878 a multiple of 250?
False
Is 269569 a multiple of 221?
False
Does 562 divide 3939058?
True
Is 276224 a multiple of 104?
True
Is 3 a factor of 313326?
True
Does 62 divide 15022?
False
Is 35 a factor of 2536975?
True
Is 6469291 a multiple of 59?
True
Does 13 divide 1200407?
True
Is 1803837 a multiple of 166?
False
Is 107 a factor of 6777273?
True
Is 138677 a multiple of 7?
True
Is 163 a factor of 418538?
False
Is 29 a factor of 287506?
True
Does 218 divide 160442?
False
Is 138 a factor of 11331863?
False
Is 241 a factor of 122187?
True
Does 29 divide 800714?
False
Is 29 a factor of 11455?
True
Does 10 divide 60170?
True
Does 12 divide 776652?
True
Is 10 a factor of 6022672?
False
Is 240 a factor of 2106297?
False
Is 4524292 a multiple of 64?
False
Is 1978698 a multiple of 1021?
True
Is 2177866 a multiple of 12?
False
Is 15 a factor of 297255?
True
Is 21 a factor of 136513?
False
Is 3716580 a multiple of 42?
True
Is 300 a factor of 1908213?
False
Is 20913676 a multiple of 415?
False
Is 4 a factor of 454?
False
Does 62 divide 204384?
False
Is 1604736 a multiple of 126?
True
Is 33 a factor of 1728422?
False
Is 1011810 a multiple of 5?
True
Is 5 a factor of 149575?
True
Is 3 a factor of 14096?
False
Is 85687 a multiple of 2?
False
Is 326420 a multiple of 19?
True
Is 16 a factor of 303392?
True
Is 72 a factor of 160874?
False
Does 67 divide 688370?
False
Is 2318402 a multiple of 98?
False
Does 85 divide 4677820?
False
Does 31 divide 13225995?
True
Is 116 a factor of 32248?
True
Is 4 a factor of 55919